 m = a - -21. What are the prime factors of m?
2, 3
What are the prime factors of (-23)/(138/36)*(-25)/3?
2, 5
Let q(n) = n**2 - 4*n + 2. Suppose 4*m + 10 = v - 11, 4*v - 32 = 3*m. Let h be q(v). Suppose 3*d + 8 = h*d. List the prime factors of d.
2
Suppose 4*g - 9*g = 4*s - 70, -g = -s + 13. What are the prime factors of s/20*4 + 75?
2, 3, 13
List the prime factors of (-1)/(1/2965)*48/(-240).
593
Let v be (2 - 4) + (-21)/(-3). Let w(j) = 3 - 45*j - v*j**3 + 50*j + 4*j**3 - 2*j**2. What are the prime factors of w(-4)?
3, 5
Let q be (2/(-5))/((-1)/(-10)). Let c(g) = -4*g - 7. Let f be c(q). Suppose -2*j = -103 - f. What are the prime factors of j?
2, 7
Suppose 5*s = 4*s. Let n = -55 + 59. Suppose -n*l - 5*h + 106 + 53 = s, 0 = 3*l + 4*h - 120. List the prime factors of l.
2, 3
Let v be (-5)/(2 + 17/(-6)). What are the prime factors of (0 + 73)*v/6?
73
Let j = 17 - -4. Let g be (j/14)/(3/4). Let f = 7 + g. List the prime factors of f.
3
Let h = 30 - 17. Suppose 10*b = h*b + 9. Let l = b - -8. What are the prime factors of l?
5
Suppose 11*a + 28 - 83 = 0. Suppose -a*m = -4*m - 168. What are the prime factors of m?
2, 3, 7
Let a(m) = -m**3 + 6*m - 12. Let c(u) = u**3 - 5*u**2 + 4*u - 6. Let h be c(4). List the prime factors of a(h).
2, 3, 7
Let b be (2/3)/(8/540). Suppose 2*k - 29 - b = 0. What are the prime factors of k?
37
Let z = 57 - 40. Let o = 23 - z. What are the prime factors of o?
2, 3
Let z(n) = -n**2 - 31*n + 6. Suppose 2*x - x - 3 = 0, 0 = -4*h + x - 51. List the prime factors of z(h).
2, 3, 13
Let b(f) = 49*f + 1. Suppose 4*a = 5*p - 1, -p = a - 2 - 0. Let v be b(p). Suppose -2*m + v = -0*m. List the prime factors of m.
5
Suppose -3*y - 387 = -3*t, 566 - 71 = -4*y - 3*t. Let d = y - -214. What are the prime factors of d?
2, 11
Let g(n) be the third derivative of -n**6/20 - n**2. Let s be g(-1). Suppose s*x = 8*x - 92. List the prime factors of x.
2, 23
Let c be (-3)/12 - (-36)/16. Suppose 4 - c = 2*y. Suppose -5*a - y = -51. List the prime factors of a.
2, 5
Let h be 2/6 + 5/3. Let q be (-4)/(h + 27/(-12)). Suppose 2*z + 2 = q. List the prime factors of z.
7
Let m(o) = -o**3 + 14*o**2 - 2*o + 19. Let u be m(14). Let q(t) = t**3 + 10*t**2 + 10*t + 22. List the prime factors of q(u).
13
Suppose -1 = 2*j - 31. Suppose -2*p + 67 + j = 0. What are the prime factors of p?
41
Let o(r) = -r**3 + 6*r**2 - r + 8. Let d be o(6). Let s(t) = 5*t + 3*t**3 + 7*t**d + 3*t**3 - t**3 - 4*t**3. List the prime factors of s(-5).
5
Let y = 78 + 816. List the prime factors of y.
2, 3, 149
Suppose -3*z + 17 = -4*o - 27, z = -4*o - 28. Let p be (1 - 1) + 15 + o. Let w = 27 + p. What are the prime factors of w?
2, 17
Suppose 0 = 4*b - 3 - 17, -2*b - 40 = -2*y. Let z be 4/(-8)*-2*3. Suppose -z*r + y = 2*r. List the prime factors of r.
5
Suppose -3 = -5*k - 4*l, -2*k + 5*k = 5*l - 13. Let p(m) = 49*m**2 + m + 1. What are the prime factors of p(k)?
7
Let r be 299 - (0/6 - (1 + 1)). What are the prime factors of ((-2)/2)/((-1512)/r - -5)?
43
Let x be 4 - 2/(-6)*-3. Let z(g) = g + 8 - 11*g**2 + g**3 + 0*g**3 - 2*g**x + 6. List the prime factors of z(-11).
3
Suppose 3*w + 3*r = -2*r + 73, 4*r = 5*w - 60. What are the prime factors of 37102/182 - (1 + w/(-14))?
2, 3, 17
Let o be ((-28)/(-3))/((-2)/6). Let r = o - -16. What are the prime factors of (r/(-8))/((-3)/(-10))?
5
Let z(a) = 20*a**2 + 29*a + 409. What are the prime factors of z(-11)?
2, 5, 251
Let k(d) = 4*d**3 + 2*d**2 + 3*d - 10. Let v be (-62)/(-22) + ((-18)/(-33))/3. List the prime factors of k(v).
5
Let k = -13 + 18. Suppose -3*p + 24 = k*b, b - 3*p + 7 = 1. Suppose -b*l - c = -22 - 4, 0 = -3*l - 2*c + 22. List the prime factors of l.
2, 5
Let p(i) = i**3 + 20*i**2 + 19*i + 32. List the prime factors of p(-9).
2, 47
Suppose -2*a = 2*y + 32, -4*a - 2*y = -a + 49. Let v = -15 - a. Suppose v*o + o - 15 = 0. What are the prime factors of o?
5
Let t = -4 - -6. Suppose -t*d + 11 = -d. Suppose 26 = c - 2*u, -2*c = -u + d - 48. What are the prime factors of c?
2
Suppose 2*c = 3*c - 5. Let p(r) = 2 - 7*r + 9*r - 8 + 1. What are the prime factors of p(c)?
5
Let q(h) = -h**3 + 10*h**2 + 2*h - 11. Let m be q(10). Suppose 5*b + 1 = -m, -c - 4*b + 23 = 0. List the prime factors of c.
31
Let z = 236 + -412. Let n = 352 + z. List the prime factors of n.
2, 11
Let q be 41/6 - 2/(-12). Let g = -10 + q. What are the prime factors of (2 - (-6 + g))*3?
3, 11
What are the prime factors of -11 - -1524 - (2 + 1)?
2, 5, 151
Suppose 351 = h - 4*y - 146, 4*y + 1523 = 3*h. List the prime factors of h.
3, 19
Let m = -9 + 20. Let g be m + 3/(2 - 5). List the prime factors of g/(-15) + 53/3.
17
Let v = -87 - -62. Let t = 27 + v. Suppose 5*g = 4*z + 33, 3*g - t*g = 4*z - 3. What are the prime factors of g?
3
Let l(s) = -8*s - 8. Let r(f) = 15 - 3*f + 12*f + 5*f + 3*f. Let p(k) = -13*l(k) - 6*r(k). What are the prime factors of p(-6)?
2
Let p(t) = -t + 1. Let r(s) = 24*s - 12. Let u(b) = 63*p(b) + 3*r(b). What are the prime factors of u(19)?
2, 3, 11
Let a(x) = -x**2 - 29*x + 42. List the prime factors of a(-22).
2, 7
Suppose 4*s + 14 = r, 0*r = -3*r - 2*s. Suppose 21 = -m - 4*v + r, -4*m - 22 = -2*v. What are the prime factors of 46 + m/((-7)/(-2))?
2, 11
Suppose 0 = 2*b - 87 + 21. Let q(w) = w**2 + 4*w + 7. Let r be q(-10). Let u = r - b. What are the prime factors of u?
2, 17
Let b be 5/(-5)*(165 + -2). Let y = -106 - b. What are the prime factors of y?
3, 19
Let u be ((-123)/6)/(3/(-30)). Suppose -35 + u = 5*b. Let c = -18 + b. List the prime factors of c.
2
Let m(k) = -k**2 - 2*k + 24. Let j be m(0). What are the prime factors of 4*j + (-3 - -2 - -1)?
2, 3
Let b = -86 + 90. Suppose 2*s - h - b*h = 155, 2*s - h = 135. What are the prime factors of s?
5, 13
Let r = -435 + 818. List the prime factors of r.
383
Suppose -5*g - 5*f = -2*f + 807, g + 167 = 5*f. Let w = 273 + g. What are the prime factors of w?
3, 37
Suppose -q + 21 = 5*y, 2*y - 12 = -5*q + q. Suppose 0 = y*c - 21 + 5. Suppose 69 = 2*u + 5*i, 3*u + 2*u = -c*i + 130. List the prime factors of u.
2, 11
Let n be 1/4*2*(-1 - 235). Let g = n + 275. List the prime factors of g.
157
Let m = 7 - 2. Suppose -4*l - 5*z = 27, -m*l - 39 = -3*z + 4*z. List the prime factors of (-46)/(-2)*(-8)/l.
23
Suppose n - j - 286 = 0, -1460 = -5*n + 21*j - 22*j. List the prime factors of n.
3, 97
Let m be (-1 - 1) + 23*10. Suppose v - m = -v. List the prime factors of v.
2, 3, 19
Let x(f) = 209*f**2 + 5*f + 1. List the prime factors of x(-2).
827
Let p(w) = w**2 + w + 3. Let c be p(0). Suppose v + c*v = 84. List the prime factors of v.
3, 7
Let f(o) = -13*o + 2*o**2 - 26 - 3*o**2 + 0*o**2. Let y be f(-11). Let k = 7 - y. What are the prime factors of k?
11
Let u(d) = d. Let k be u(7). Suppose 5*s - k*s + 4 = 0. Suppose -s*t = -18 - 2. What are the prime factors of t?
2, 5
Let s be 4/8 + 21/2. Let i be (-4 - -7) + (-7)/(-2)*10. Let h = i - s. What are the prime factors of h?
3
Let t(v) = 19*v**3 + v**2 + 1. Let s(z) = 2 + 0*z**2 + 20*z**3 - 4 + 4 + z**2. Let n(i) = 2*s(i) - 3*t(i). What are the prime factors of n(-1)?
17
Suppose -2*s + 3*h - 2*h + 152 = 0, 4*s - 304 = -3*h. List the prime factors of s.
2, 19
Let v = -62 - -66. Let w(b) = 2*b**3 + 4*b**2 + 6*b - 1. What are the prime factors of w(v)?
5, 43
Let d be 11 + -11 + 27 + -2. Let n = d - 13. Suppose -64 = -n*u + 8*u. List the prime factors of u.
2
Suppose 0*j + 261 = 3*j. Let y = j - 17. Suppose -2*f + 5*v = -80 + 24, 5*v - y = -5*f. List the prime factors of f.
2, 3
Suppose -15 = -5*f + 845. Suppose -37 + f = 3*u. What are the prime factors of u?
3, 5
Let y(v) = -v**3 - 6*v**2 + 3*v + 2. Let m be y(-9). Suppose 9*d - m = 106. What are the prime factors of d?
2, 3
Let o = 2 + -17. Let g = o - -81. List the prime factors of g.
2, 3, 11
Let h = -14 - -18. Suppose 0 = h*x + 18 + 198. List the prime factors of (-10)/(-4)*x/(-15).
3
Let t(h) be the first derivative of 40*h + 6 + 0*h**2 - 37*h - 2*h**2. What are the prime factors of t(-3)?
3, 5
What are the prime factors of 183*((-20)/32)/((-2)/16)?
3, 5, 61
Let j = -2 - -6. Suppose 0 = 5*a + 5, j*u + 0*u - 336 = 4*a. What are the prime factors of u?
83
Let f(c) = -c - 1. Let l be f(-5). Let b(t) = t. Let v be b(l). Suppose -9*n + 10 = -v*n. What are the prime factors of n?
2
Let m(h) = 4*h*